{"id":3,"date":"2022-11-23T19:18:33","date_gmt":"2022-11-23T18:18:33","guid":{"rendered":"http:\/\/salonaleje.pl\/?page_id=3"},"modified":"2025-06-09T14:02:54","modified_gmt":"2025-06-09T12:02:54","slug":"polityka-prywatnosci","status":"publish","type":"page","link":"https:\/\/robstal.com.pl\/?page_id=3","title":{"rendered":"Polityka prywatno\u015bci"},"content":{"rendered":"<p><\/p>\r\n<p style=\"text-align: center;\"><strong>POLITYKA PRYWATNO\u015aCI<\/strong><br \/>\u00a0<br \/>Niniejsza Polityka stanowi podstawow\u0105 informacj\u0119 o celach, sposobach przetwarzania oraz bezpiecze\u0144stwie Twoich danych osobowych, jako u\u017cytkownika strony:<a href=\"https:\/\/robstal.com.pl\/\"><strong> https:\/\/robstal.com.pl\/<\/strong><\/a>\u00a0\u00a0(zwanej dalej Stron\u0105). Zapoznaj\u0105c si\u0119 z Polityk\u0105 prywatno\u015bci dowiesz si\u0119 kto jest administratorem Twoich danych osobowych, jakie dane osobowe s\u0105 przez Stron\u0119 zbierane, w jakich celach s\u0105 wykorzystywane oraz jak s\u0105 chronione.<\/p>\r\n<p>\u00a0<br \/><strong>\u00a71. Informacje podstawowe.<\/strong><\/p>\r\n<ol>\r\n<li>Administratorem Twoich danych osobowych jest: Hieronim Robakowski prowadz\u0105cy dzia\u0142alno\u015b\u0107 gospodarcz\u0105 pod firm\u0105\u00a0 P.H.U \u201eROBSTAL\u201d Hieronim Robakowski, wpisan\u0105 do Centralnej Ewidencji i Informacji o Dzia\u0142alno\u015bci Gospodarczej (CEIDG) prowadzonej przez ministra w\u0142a\u015bciwego ds. gospodarki, NIP 621-000-19-02, REGON 250519932<\/li>\r\n<li>Kontakt z Administratorem jest mo\u017cliwy za po\u015brednictwem:<\/li>\r\n<\/ol>\r\n<ol>\r\n<li>poczty e-mail: stal@robstal.com.pl\u00a0<\/li>\r\n<li>telefonicznie: 509\u00a0869 601<\/li>\r\n<\/ol>\r\n<ul>\r\n<li style=\"text-align: center;\"><strong>2. Zasady przetwarzania danych.<\/strong><\/li>\r\n<\/ul>\r\n<ol>\r\n<li>Administrator przetwarza dane osobowe z poszanowaniem nast\u0119puj\u0105cych zasad:<\/li>\r\n<\/ol>\r\n<ol>\r\n<li>1. w oparciu o podstaw\u0119 prawn\u0105 i zgodnie z prawem (legalizm);<\/li>\r\n<li>2. rzetelnie i uczciwie (rzetelno\u015b\u0107);<\/li>\r\n<li>3. w spos\u00f3b przejrzysty dla osoby, kt\u00f3rej dane dotycz\u0105 (transparentno\u015b\u0107);<\/li>\r\n<li>4. w konkretnych celach i nie \u201ena zapas\u201d (minimalizacja);<\/li>\r\n<li>5. nie wi\u0119cej ni\u017c potrzeba (adekwatno\u015b\u0107);<\/li>\r\n<li>6. z dba\u0142o\u015bci\u0105 o prawid\u0142owo\u015b\u0107 danych (prawid\u0142owo\u015b\u0107);<\/li>\r\n<li>7. nie d\u0142u\u017cej ni\u017c potrzeba (czasowo\u015b\u0107);<\/li>\r\n<li>8. zapewniaj\u0105c odpowiednie bezpiecze\u0144stwo danych (bezpiecze\u0144stwo).<\/li>\r\n<\/ol>\r\n<ul>\r\n<li style=\"text-align: center;\"><strong>3. Cele, podstawy prawne i zakres przetwarzania danych.<\/strong><\/li>\r\n<\/ul>\r\n<ol>\r\n<li>Twoje dane b\u0119dziemy przetwarza\u0107:<\/li>\r\n<\/ol>\r\n<ol>\r\n<li>w celach kontaktowych, aby udzieli\u0107 ci odpowiedzi na Twoj\u0105 wiadomo\u015b\u0107 przes\u0142an\u0105 nam bezpo\u015brednio drog\u0105 e-mailow\u0105 lub za po\u015brednictwem formularza na podstawie realizacji prawnie uzasadnionego interesu Administratora zwi\u0105zanego z konieczno\u015bci\u0105 udzielenia Ci odpowiedzi.<\/li>\r\n<li>w celach statystycznych, analitycznych oraz monitorowania ruchu na Stronie przy u\u017cyciu plik\u00f3w cookies na podstawie realizacji prawnie uzasadnionego interesu Administratora zwi\u0105zanego z prawid\u0142owym dzia\u0142aniem i funkcjonowaniem Strony oraz prowadzeniem analizy ruchu na stronie.<\/li>\r\n<\/ol>\r\n<ol>\r\n<li>Przetwarzamy Twoje dane w zakresie:<\/li>\r\n<\/ol>\r\n<ol>\r\n<li>je\u015bli prze\u015blesz nam wiadomo\u015b\u0107 e-mail to b\u0119dziemy przetwarza\u0107 dane, kt\u00f3re b\u0119d\u0105 w niej zawarte. Przekazanie nam danych w e-mailu nast\u0119puje dobrowolnie. W ka\u017cdym czasie mo\u017cesz zwr\u00f3ci\u0107 si\u0119 do nas z pro\u015bb\u0105 o usuni\u0119cie tych danych.<\/li>\r\n<li>je\u015bli skorzysta\u0107 z formularza kontaktowego na naszej stronie to b\u0119dziemy przetwarza\u0107 dane w postaci twojego adresu e-mail oraz imienia. Podanie tych danych stanowi warunek udzielenia przez nas odpowiedzi na Twoje zapytanie.<\/li>\r\n<li>pozosta\u0142e dane, kt\u00f3re Administrator przetwarza to adres IP i inne dane zapisywane w plikach cookies, kt\u00f3re s\u0142u\u017c\u0105 Administratorowi do analizy korzystania przez Ciebie i innych u\u017cytkownik\u00f3w Strony. Przetwarzanie danych w tym zakresie mo\u017ce zosta\u0107 wstrzymane po z\u0142o\u017ceniu przez Ciebie sprzeciwu.<\/li>\r\n<\/ol>\r\n<ul>\r\n<li style=\"text-align: center;\"><strong>4. Odbiorcy danych oraz zamiar przekazywania danych do Pa\u0144stwa spoza EOG lub organizacji mi\u0119dzynarodowej.<\/strong><\/li>\r\n<\/ul>\r\n<ol>\r\n<li>Odbiorc\u0105 Twoich danych osobowych jest podmiot dostarczaj\u0105cy oprogramowanie do analizy ruchu na naszej stronie (np. Google Analytics);<\/li>\r\n<li>Twoje dane nie s\u0105 przekazywane do Pa\u0144stw spoza EOG lub organizacji mi\u0119dzynarodowych.<br \/>\u00a0<\/li>\r\n<\/ol>\r\n<ul>\r\n<li style=\"text-align: center;\"><strong>5. Termin przechowywania danych.<\/strong>\r\n<p>Nie jeste\u015bmy w stanie ustali\u0107 przez jaki okres przetwarza\u0107 b\u0119dziemy Twoje dane osobowe. Je\u015bli przekaza\u0142e\u015b nam swoje dane w formularzu lub wiadomo\u015bci e-mail w celach kontaktowych to Twoje dane b\u0119dziemy przetwarza\u0107 do momentu z\u0142o\u017cenia przez Ciebie \u017c\u0105dania usuni\u0119cia tych danych lub sprzeciwu wobec przetwarzania, ale r\u00f3wnie\u017c w przypadku, w kt\u00f3rym uznamy, \u017ce zrealizowali\u015bmy prawnie uzasadniony interes Administratora.<br \/>\u00a0<br \/>\u00a0<\/p>\r\n<p><strong>\u00a76. Prawa u\u017cytkownik\u00f3w.<\/strong><\/p>\r\n<p>\u00a0 \u00a0 \u00a0 \u00a0W zwi\u0105zku z przetwarzaniem Twoich danych przys\u0142uguj\u0105 Ci nast\u0119puj\u0105ce prawa:<\/p>\r\n<\/li>\r\n<\/ul>\r\n<ol>\r\n<li>&#8211; dost\u0119pu do tre\u015bci swoich danych oraz<\/li>\r\n<li>&#8211; prawo ich sprostowania, usuni\u0119cia, ograniczenia przetwarzania,<\/li>\r\n<li>&#8211; prawo do przenoszenia danych,<\/li>\r\n<li>&#8211; prawo wniesienia sprzeciwu,<\/li>\r\n<li>&#8211; prawo do cofni\u0119cia zgody na ich przetwarzanie w dowolnym momencie i w dowolnej formie, chyba \u017ce przetwarzanie Pa\u0144stwa danych odbywa si\u0119 w celu wykonywania umowy przez Administratora, w celu wywi\u0105zania si\u0119 przez Administratora z obowi\u0105zk\u00f3w prawnych wzgl\u0119dem instytucji pa\u0144stwowych lub w celu realizacji prawnie uzasadnionych interes\u00f3w Administratora.<\/li>\r\n<\/ol>\r\n<ol>\r\n<li>&#8211; Masz tak\u017ce prawo wniesienia skargi do Prezesa Urz\u0119du Ochrony Danych Osobowych (na adres Urz\u0119du Ochrony Danych Osobowych, ul. Stawki 2, 00-193 Warszawa).<\/li>\r\n<\/ol>\r\n<ol>\r\n<li>&#8211; Wi\u0119cej informacji w przedmiocie ochrony danych osobowych mog\u0105 Pa\u0144stwo otrzyma\u0107 na stronie internetowej Urz\u0119du Ochrony Danych Osobowych: <a href=\"https:\/\/www.uodo.gov.pl\/\">www.uodo.gov.pl<\/a><\/li>\r\n<\/ol>\r\n<ul>\r\n<li style=\"text-align: center;\"><strong>7. Pliki cookies.<\/strong><\/li>\r\n<\/ul>\r\n<ol>\r\n<li>Pliki cookies (tzw. \u201eciasteczka\u201d) stanowi\u0105 dane informatyczne, w szczeg\u00f3lno\u015bci pliki tekstowe, kt\u00f3re przechowywane s\u0105 w urz\u0105dzeniu ko\u0144cowym, czyli Twoim komputerze, laptopie lub smartfonie, w zale\u017cno\u015bci jakiego urz\u0105dzenia u\u017cywasz do ogl\u0105dania Strony. Cookies zazwyczaj zawieraj\u0105 nazw\u0119 strony internetowej, z kt\u00f3rej pochodz\u0105, czas przechowywania ich na urz\u0105dzeniu ko\u0144cowym oraz unikalny numer. Sam mo\u017cesz zadecydowa\u0107 o formie wykorzystania cookies \u2013 ustawienia te s\u0105 dost\u0119pne w ka\u017cdej przegl\u0105darce internetowej.<\/li>\r\n<li>\u00a0Pliki cookies s\u0142u\u017c\u0105 przede wszystkim twojej wygodzie \u2013 dzi\u0119ki ich u\u017cyciu, znacznie skraca si\u0119 czas \u0142adowania strony podczas kolejnych odwiedzin.<\/li>\r\n<li>Cechy plik\u00f3w cookies:<\/li>\r\n<\/ol>\r\n<ol>\r\n<li>dostosowuj\u0105 zawarto\u015b\u0107 stron internetowych serwisu do U\u017cytkownika. Optymalizuj\u0105 poruszanie U\u017cytkownika na stronie, w szczeg\u00f3lno\u015bci pliki te pozwalaj\u0105 rozpozna\u0107 urz\u0105dzenie, za pomoc\u0105, kt\u00f3rego wy\u015bwietlana jest strona i tak ustawi\u0107 jej parametry, by nawigacja nie sprawia\u0142a problem\u00f3w i zoptymalizowana pod wzgl\u0119dem indywidualnych potrzeb U\u017cytkownika.<\/li>\r\n<li>pozwalaj\u0105 wy\u015bwietli\u0107 stron\u0119 internetow\u0105, dostosowan\u0105 do Twoich indywidualnych potrzeb;<\/li>\r\n<li>tworz\u0105 statystyki, dzi\u0119ki kt\u00f3rym Administrator wie, kt\u00f3re tre\u015bci ciesz\u0105 si\u0119 zainteresowaniem U\u017cytkownik\u00f3w. Pozwala to na ci\u0105g\u0142e ulepszanie strony i tak\u0105 konstrukcj\u0119 tre\u015bci, kt\u00f3ra b\u0119dzie odpowiada\u0142a osobom odwiedzaj\u0105cym stron\u0119.<\/li>\r\n<li>pozwalaj\u0105 na wielokrotne wykorzystanie opcji logowania przez U\u017cytkownika, co jest dla Ciebie du\u017co wygodniejsze, gdy\u017c podczas przemieszczania si\u0119 po stronie i wielokrotnych odwiedzin nie jeste\u015b zmuszony do ka\u017cdorazowego wpisywania loginu i has\u0142a.<\/li>\r\n<\/ol>\r\n<ol>\r\n<li>W ramach Strony stosowane s\u0105 dwa zasadnicze rodzaje plik\u00f3w cookies: \u201esesyjne\u201d (session cookies) oraz \u201esta\u0142e\u201d (persistent cookies). Cookies \u201esesyjne\u201d s\u0105 plikami tymczasowymi, kt\u00f3re przechowywane s\u0105 w urz\u0105dzeniu ko\u0144cowym U\u017cytkownika do czasu wylogowania, opuszczenia strony internetowej lub wy\u0142\u0105czenia oprogramowania (przegl\u0105darki internetowej). \u201eSta\u0142e\u201d pliki cookies przechowywane s\u0105 w urz\u0105dzeniu ko\u0144cowym U\u017cytkownika przez czas okre\u015blony w parametrach plik\u00f3w cookies lub do czasu ich usuni\u0119cia przez U\u017cytkownika.<\/li>\r\n<\/ol>\r\n<ol>\r\n<li>U\u017cytkownik mo\u017ce w ka\u017cdym momencie usun\u0105\u0107 pliki cookies.<\/li>\r\n<\/ol>\r\n<ol>\r\n<li>Wprowadzone przez u\u017cytkownika ograniczenia stosowania plik\u00f3w cookies mog\u0105 wp\u0142yn\u0105\u0107 na niekt\u00f3re funkcjonalno\u015bci Strony, znacznie utrudniaj\u0105c swobodne korzystanie ze wszystkich jego opcji.<\/li>\r\n<\/ol>\r\n<ol>\r\n<li>Pliki cookies s\u0105 zamieszczane w urz\u0105dzeniu ko\u0144cowym U\u017cytkownika i wykorzystywane mog\u0105 by\u0107 r\u00f3wnie\u017c przez wsp\u00f3\u0142pracuj\u0105cych z operatorem Strony reklamodawc\u00f3w oraz innych partner\u00f3w. U\u017cytkownik jednak\u017ce w ka\u017cdej chwili mo\u017ce je usun\u0105\u0107.<\/li>\r\n<\/ol>\r\n<ol>\r\n<li>Wi\u0119cej szczeg\u00f3\u0142owych informacji na temat plik\u00f3w cookies dost\u0119pnych jest pod adresem https:\/\/wszystkoociasteczkach.pl lub w sekcji \u201ePomoc\u201d w menu przegl\u0105darki internetowej.<\/li>\r\n<\/ol>\r\n<ol>\r\n<li>Je\u017celi masz w\u0105tpliwo\u015bci, co do ustawie\u0144 plik\u00f3w cookies, skontaktuj si\u0119 z operatorem swojej przegl\u0105darki internetowej.<\/li>\r\n<\/ol>\r\n<ol>\r\n<li>Je\u017celi nie zgadzasz si\u0119 na wykorzystywanie cookies przez Stron\u0119, opu\u015b\u0107 j\u0105 lub aktywuj odpowiednie ustawienia w swojej przegl\u0105darce internetowej.<\/li>\r\n<\/ol>\r\n<p>&nbsp;<\/p>\r\n<p>&nbsp;<\/p>\r\n<p><\/p>","protected":false},"excerpt":{"rendered":"<p>POLITYKA PRYWATNO\u015aCI\u00a0Niniejsza Polityka stanowi podstawow\u0105 informacj\u0119 o celach, sposobach przetwarzania oraz bezpiecze\u0144stwie Twoich danych osobowych, jako u\u017cytkownika strony: https:\/\/robstal.com.pl\/\u00a0\u00a0(zwanej dalej [&hellip;]<\/p>\n","protected":false},"author":1,"featured_media":0,"parent":0,"menu_order":0,"comment_status":"closed","ping_status":"open","template":"","meta":{"footnotes":""},"class_list":["post-3","page","type-page","status-publish","hentry"],"yoast_head":"<!-- This site is optimized with the Yoast SEO plugin v25.2 - https:\/\/yoast.com\/wordpress\/plugins\/seo\/ -->\n<title>Polityka prywatno\u015bci - PHU ROBSTAL HIERONIM ROBAKOWSKI<\/title>\n<meta name=\"robots\" content=\"index, follow, max-snippet:-1, max-image-preview:large, max-video-preview:-1\" \/>\n<link rel=\"canonical\" href=\"https:\/\/robstal.com.pl\/?page_id=3\" \/>\n<meta property=\"og:locale\" content=\"pl_PL\" \/>\n<meta property=\"og:type\" content=\"article\" \/>\n<meta property=\"og:title\" content=\"Polityka prywatno\u015bci - PHU ROBSTAL HIERONIM ROBAKOWSKI\" \/>\n<meta property=\"og:description\" content=\"POLITYKA PRYWATNO\u015aCI\u00a0Niniejsza Polityka stanowi podstawow\u0105 informacj\u0119 o celach, sposobach przetwarzania oraz bezpiecze\u0144stwie Twoich danych osobowych, jako u\u017cytkownika strony: https:\/\/robstal.com.pl\/\u00a0\u00a0(zwanej dalej [&hellip;]\" \/>\n<meta property=\"og:url\" content=\"https:\/\/robstal.com.pl\/?page_id=3\" \/>\n<meta property=\"og:site_name\" content=\"PHU ROBSTAL HIERONIM ROBAKOWSKI\" \/>\n<meta property=\"article:modified_time\" content=\"2025-06-09T12:02:54+00:00\" \/>\n<meta name=\"twitter:card\" content=\"summary_large_image\" \/>\n<meta name=\"twitter:label1\" content=\"Szacowany czas czytania\" \/>\n\t<meta name=\"twitter:data1\" content=\"6 minut\" \/>\n<script type=\"application\/ld+json\" class=\"yoast-schema-graph\">{\"@context\":\"https:\/\/schema.org\",\"@graph\":[{\"@type\":\"WebPage\",\"@id\":\"https:\/\/robstal.com.pl\/?page_id=3\",\"url\":\"https:\/\/robstal.com.pl\/?page_id=3\",\"name\":\"Polityka prywatno\u015bci - PHU ROBSTAL HIERONIM ROBAKOWSKI\",\"isPartOf\":{\"@id\":\"https:\/\/robstal.com.pl\/#website\"},\"datePublished\":\"2022-11-23T18:18:33+00:00\",\"dateModified\":\"2025-06-09T12:02:54+00:00\",\"breadcrumb\":{\"@id\":\"https:\/\/robstal.com.pl\/?page_id=3#breadcrumb\"},\"inLanguage\":\"pl-PL\",\"potentialAction\":[{\"@type\":\"ReadAction\",\"target\":[\"https:\/\/robstal.com.pl\/?page_id=3\"]}]},{\"@type\":\"BreadcrumbList\",\"@id\":\"https:\/\/robstal.com.pl\/?page_id=3#breadcrumb\",\"itemListElement\":[{\"@type\":\"ListItem\",\"position\":1,\"name\":\"Home\",\"item\":\"https:\/\/robstal.com.pl\/\"},{\"@type\":\"ListItem\",\"position\":2,\"name\":\"Polityka prywatno\u015bci\"}]},{\"@type\":\"WebSite\",\"@id\":\"https:\/\/robstal.com.pl\/#website\",\"url\":\"https:\/\/robstal.com.pl\/\",\"name\":\"PHU ROBSTAL HIERONIM ROBAKOWSKI\",\"description\":\"PHU ROBSTAL\",\"publisher\":{\"@id\":\"https:\/\/robstal.com.pl\/#organization\"},\"potentialAction\":[{\"@type\":\"SearchAction\",\"target\":{\"@type\":\"EntryPoint\",\"urlTemplate\":\"https:\/\/robstal.com.pl\/?s={search_term_string}\"},\"query-input\":{\"@type\":\"PropertyValueSpecification\",\"valueRequired\":true,\"valueName\":\"search_term_string\"}}],\"inLanguage\":\"pl-PL\"},{\"@type\":\"Organization\",\"@id\":\"https:\/\/robstal.com.pl\/#organization\",\"name\":\"PHU ROBSTAL HIERONIM ROBAKOWSKI\",\"url\":\"https:\/\/robstal.com.pl\/\",\"logo\":{\"@type\":\"ImageObject\",\"inLanguage\":\"pl-PL\",\"@id\":\"https:\/\/robstal.com.pl\/#\/schema\/logo\/image\/\",\"url\":\"https:\/\/robstal.com.pl\/wp-content\/uploads\/2022\/12\/logo.png\",\"contentUrl\":\"https:\/\/robstal.com.pl\/wp-content\/uploads\/2022\/12\/logo.png\",\"width\":250,\"height\":110,\"caption\":\"PHU ROBSTAL HIERONIM ROBAKOWSKI\"},\"image\":{\"@id\":\"https:\/\/robstal.com.pl\/#\/schema\/logo\/image\/\"}}]}<\/script>\n<!-- \/ Yoast SEO plugin. -->","yoast_head_json":{"title":"Polityka prywatno\u015bci - PHU ROBSTAL HIERONIM ROBAKOWSKI","robots":{"index":"index","follow":"follow","max-snippet":"max-snippet:-1","max-image-preview":"max-image-preview:large","max-video-preview":"max-video-preview:-1"},"canonical":"https:\/\/robstal.com.pl\/?page_id=3","og_locale":"pl_PL","og_type":"article","og_title":"Polityka prywatno\u015bci - PHU ROBSTAL HIERONIM ROBAKOWSKI","og_description":"POLITYKA PRYWATNO\u015aCI\u00a0Niniejsza Polityka stanowi podstawow\u0105 informacj\u0119 o celach, sposobach przetwarzania oraz bezpiecze\u0144stwie Twoich danych osobowych, jako u\u017cytkownika strony: https:\/\/robstal.com.pl\/\u00a0\u00a0(zwanej dalej [&hellip;]","og_url":"https:\/\/robstal.com.pl\/?page_id=3","og_site_name":"PHU ROBSTAL HIERONIM ROBAKOWSKI","article_modified_time":"2025-06-09T12:02:54+00:00","twitter_card":"summary_large_image","twitter_misc":{"Szacowany czas czytania":"6 minut"},"schema":{"@context":"https:\/\/schema.org","@graph":[{"@type":"WebPage","@id":"https:\/\/robstal.com.pl\/?page_id=3","url":"https:\/\/robstal.com.pl\/?page_id=3","name":"Polityka prywatno\u015bci - PHU ROBSTAL HIERONIM ROBAKOWSKI","isPartOf":{"@id":"https:\/\/robstal.com.pl\/#website"},"datePublished":"2022-11-23T18:18:33+00:00","dateModified":"2025-06-09T12:02:54+00:00","breadcrumb":{"@id":"https:\/\/robstal.com.pl\/?page_id=3#breadcrumb"},"inLanguage":"pl-PL","potentialAction":[{"@type":"ReadAction","target":["https:\/\/robstal.com.pl\/?page_id=3"]}]},{"@type":"BreadcrumbList","@id":"https:\/\/robstal.com.pl\/?page_id=3#breadcrumb","itemListElement":[{"@type":"ListItem","position":1,"name":"Home","item":"https:\/\/robstal.com.pl\/"},{"@type":"ListItem","position":2,"name":"Polityka prywatno\u015bci"}]},{"@type":"WebSite","@id":"https:\/\/robstal.com.pl\/#website","url":"https:\/\/robstal.com.pl\/","name":"PHU ROBSTAL HIERONIM ROBAKOWSKI","description":"PHU ROBSTAL","publisher":{"@id":"https:\/\/robstal.com.pl\/#organization"},"potentialAction":[{"@type":"SearchAction","target":{"@type":"EntryPoint","urlTemplate":"https:\/\/robstal.com.pl\/?s={search_term_string}"},"query-input":{"@type":"PropertyValueSpecification","valueRequired":true,"valueName":"search_term_string"}}],"inLanguage":"pl-PL"},{"@type":"Organization","@id":"https:\/\/robstal.com.pl\/#organization","name":"PHU ROBSTAL HIERONIM ROBAKOWSKI","url":"https:\/\/robstal.com.pl\/","logo":{"@type":"ImageObject","inLanguage":"pl-PL","@id":"https:\/\/robstal.com.pl\/#\/schema\/logo\/image\/","url":"https:\/\/robstal.com.pl\/wp-content\/uploads\/2022\/12\/logo.png","contentUrl":"https:\/\/robstal.com.pl\/wp-content\/uploads\/2022\/12\/logo.png","width":250,"height":110,"caption":"PHU ROBSTAL HIERONIM ROBAKOWSKI"},"image":{"@id":"https:\/\/robstal.com.pl\/#\/schema\/logo\/image\/"}}]}},"_links":{"self":[{"href":"https:\/\/robstal.com.pl\/index.php?rest_route=\/wp\/v2\/pages\/3","targetHints":{"allow":["GET"]}}],"collection":[{"href":"https:\/\/robstal.com.pl\/index.php?rest_route=\/wp\/v2\/pages"}],"about":[{"href":"https:\/\/robstal.com.pl\/index.php?rest_route=\/wp\/v2\/types\/page"}],"author":[{"embeddable":true,"href":"https:\/\/robstal.com.pl\/index.php?rest_route=\/wp\/v2\/users\/1"}],"replies":[{"embeddable":true,"href":"https:\/\/robstal.com.pl\/index.php?rest_route=%2Fwp%2Fv2%2Fcomments&post=3"}],"version-history":[{"count":5,"href":"https:\/\/robstal.com.pl\/index.php?rest_route=\/wp\/v2\/pages\/3\/revisions"}],"predecessor-version":[{"id":1076,"href":"https:\/\/robstal.com.pl\/index.php?rest_route=\/wp\/v2\/pages\/3\/revisions\/1076"}],"wp:attachment":[{"href":"https:\/\/robstal.com.pl\/index.php?rest_route=%2Fwp%2Fv2%2Fmedia&parent=3"}],"curies":[{"name":"wp","href":"https:\/\/api.w.org\/{rel}","templated":true}]}}